
Let b(o) = -2*o**2 - 2*o + 7. Suppose -5*y - 2 = -6*y. Give b(y).
-5
Let g(l) be the second derivative of -l**5/20 - 13*l**4/12 - 3*l**3/2 - l**2 + 54*l. Calculate g(-12).
-38
Let o(j) = 3*j**2 + 6*j + 1. Let c be o(-4). Let l(z) = -26*z**2 - 6 + 6*z + c*z**2 + 1. Let y = -5 + 9. Calculate l(y).
3
Let r(y) = y**3 - 20*y**2 + 28*y - 166. Let d be r(19). Let m(o) = 7*o - 38. Give m(d).
-3
Let y(c) = -6*c + 1. Let s be y(-1). Let b(u) = -u**3 + 8*u**2 - 8*u + 7. Let x be b(s). Let k(t) = -t**3 + t**2 + t - 13. What is k(x)?
-13
Let j be 108/9*1*(-1)/(-3). Let y(s) be the first derivative of s + 1/2*s**2 + j + 5/3*s**3. What is y(-1)?
5
Suppose 0 = 4*t - 16, -r + 0*r - 10 = -t. Let b(n) = -n**3 - n**2 - n. Let p(q) = -4*q**3 - 4*q**2 - 7*q - 1. Let c(d) = r*b(d) + p(d). Calculate c(-2).
-7
Let q(g) be the third derivative of -g**6/120 - g**5/12 + g**4/8 + g**3/3 + 2*g**2. Let z be (0 - 12)*(-9)/12. Let s be (-30)/z*(-6)/(-4). What is q(s)?
-13
Suppose n = -2*w, -5*n - 5 = 5*w - 0*n. Let f be (-10)/(-5)*w/(-2). Let c(g) = 32*g**3 - g. Give c(f).
-31
Let z be (3 - 3)/1*1. Suppose 44 = 4*v - z. Suppose -10*u = -v*u - 2. Let c(o) = -2*o - 2. Give c(u).
2
Let t(b) = 4*b**3 + 31*b**2 - b + 70. Let a be t(-8). Let n(v) = -v**3 + 13*v**2 + 11*v + 6. What is n(a)?
-36
Let c(o) be the first derivative of o**2/2 - 2*o + 1. Let d(h) = -h**3 - h**2 - 6. Let t be d(0). Let k be ((-6)/2)/(t + 5). Give c(k).
1
Let l(n) = 3*n**2 + 11*n - 5. Let z(v) = 16*v**2 + 56*v - 26. Let r(u) = -11*l(u) + 2*z(u). Determine r(-9).
3
Let x(i) = i**3 + 14*i**2 + 14*i + 11. Let k = 91 - 104. Determine x(k).
-2
Let s(g) = -4*g**2 + 7*g - 7. Let z(n) = -n**2 + 2*n - 2. Let y(r) = -2*s(r) + 7*z(r). Suppose -4 = k + 3*b - 6*b, -4*b + 10 = k. Determine y(k).
4
Let g(p) be the third derivative of p**4/24 - 2*p**3/3 + 10*p**2 + p. Calculate g(-13).
-17
Let m(z) = 2*z + 7. Suppose 2*q = -i - 7, -12*i + 7*i - 47 = -2*q. What is m(i)?
-11
Suppose -2*b - 48 - 2 = 0. Let u = 22 + b. Let h(d) = 4*d + 1. Let t(a) = -4*a - 1. Let r(p) = 5*h(p) + 6*t(p). Calculate r(u).
11
Let p(w) = 1. Let z(h) = 2*h**3 + 32*h**2 - h - 17. Let c be z(-16). Let u(i) = i + 7. Let m(n) = c*u(n) + 3*p(n). Determine m(5).
-9
Let i be (-9)/(-7) - 408/1428. Let q(n) = 1 + 3*n**2 - 2 - 2*n**2 - n**3. Calculate q(i).
-1
Let d(o) = o - 6. Let z be d(0). Let l(j) = -j**3 - 5*j**2 + 8*j + 6. Calculate l(z).
-6
Let a(p) = 260*p + 2 + 2 - 261*p. Let m be ((-10)/6)/((-2)/6). Determine a(m).
-1
Let j(t) be the second derivative of 2*t**3/3 - t**2 - 2*t + 26. Give j(-6).
-26
Let m(p) = -13 + 2 + 41*p - 40*p. Calculate m(10).
-1
Suppose -3*g = -0*g + 3. Let c be 4/(2*g/(-6)). Suppose 2*t = 3*p + c, 0 = -t - 0*p - 2*p + 6. Let x(b) = -b + 2. Give x(t).
-4
Let y be 81/(-6)*2/3. Let w(r) = 11 + r**2 + r - 9*r + 2 - 2*r**2. What is w(y)?
4
Let p(u) = 2 - 22*u**2 + 16*u**2 + 4*u**3 - 7*u + 8*u**2. Let g(c) = c**3 - c**2 - 1. Let r(s) = -5*g(s) + p(s). Calculate r(6).
1
Let a be (72/126)/(2/7). Let q(n) = 3*n - 20 + 5 - 4*n + a. Determine q(-12).
-1
Let r(b) be the third derivative of -b**7/2520 - b**6/144 + b**5/120 + b**4/2 - 5*b**2. Let k(o) be the second derivative of r(o). Give k(-5).
1
Let o be 2*(-1)/2 + 19. Suppose 4*f - f = o. Let i(l) = 2*l**2 + l - 9. Let h(c) = -c**2 + 2*c. Let z(m) = -3*h(m) - i(m). Give z(f).
3
Let k be -2 + 8 + (0 - 1). Let b(u) = 3*u**3 - 13*u**2 + 7*u. Let v(f) = -f**3 + 6*f**2 - 3*f. Let g(l) = k*v(l) + 2*b(l). Determine g(-4).
4
Let b(u) be the first derivative of -u**2/2 + 19*u - 98. Determine b(16).
3
Let w be (1 + 0)/(1 - 2). Let p(l) = 4. Let v(a) = 2*a + 7. Let n(t) = 5*p(t) - 3*v(t). Give n(w).
5
Let s(a) = a**3 - a**2 + 7. Suppose -211*i + 193*i = 0. Give s(i).
7
Suppose -2*s + 3*l = -2*l + 35, -3*s = -6*l + 45. Let t(c) = -3 - c**2 + 2 - 7*c - 5. Determine t(s).
4
Let t(d) = -2*d**3 + 16*d**2 - d + 8. Let p(j) = 8*j**2 - 21*j + 21. Let v be p(1). What is t(v)?
0
Suppose 4*v = -m - 17, -6*v - 15 = -v. Let s(n) = -7*n. Give s(m).
35
Let w be 36/(-9) + (-16)/(-2). Suppose 3*m - 4*z + 0*z = -4, -1 = w*m - z. Let b(d) = d - 6. What is b(m)?
-6
Let x(f) be the first derivative of -f**4/4 - f**3/3 + 3*f**2/2 + 3*f - 183. Calculate x(0).
3
Let j(w) = 5*w**3 + w - 8. Let z(b) be the first derivative of -b**4/4 - 6. Let f(i) = -j(i) - 4*z(i). Give f(0).
8
Suppose 0 = -9*a - 178 + 214. Let d(j) be the third derivative of 1/120*j**6 + 5/3*j**3 - 6*j**2 + 0*j + 0 - 2/15*j**5 - 5/12*j**a. What is d(9)?
1
Let k(w) be the first derivative of w**6/120 - w**5/120 + 2*w**3/3 + 47. Let b(x) be the third derivative of k(x). Calculate b(-2).
14
Let f(z) = z**3 + 5*z. Let x(k) = k**2 - k - 1. Let c(p) = f(p) + 5*x(p). Let w = 45 + -75. Let j = w - -25. What is c(j)?
-5
Let m(z) be the second derivative of 1/6*z**3 + 1/2*z**2 + 0 - 2/3*z**4 - 16*z. Suppose 0 = 3*c + 3. Give m(c).
-8
Let r(u) = u**2 - 3*u - 11. Let y(s) = -5*s - 9. Let a(x) = -2*r(x) + 3*y(x). What is a(-6)?
-23
Let s(z) be the third derivative of -1/2*z**3 + 0 + 0*z + 7*z**2 - 1/30*z**5 - 1/6*z**4. Give s(-3).
-9
Let s(l) = -5*l**3 + 17*l**2 + 32*l + 20. Let r(v) = 18*v**3 - 52*v**2 - 98*v - 59. Let k(p) = 2*r(p) + 7*s(p). Give k(-13).
-4
Suppose 0*d - 2*d - 4*g = -162, -75 = -d - 4*g. Let a = d + -82. Let f(r) = -3*r + 4. Give f(a).
-11
Suppose 57*p - 52*p - 550 = 0. Let r(k) = p*k - 48*k - 55*k - 4. Calculate r(4).
24
Let o(w) = w**3 - w**2 - 2*w - 1. Let h(b) be the second derivative of b**3/6 + 9*b**2/2 + 5*b. Let l be h(-12). Let x = l + 5. Determine o(x).
-1
Let v = -3 + -8. Let d be (24/2)/(13 + v). Let f(s) be the first derivative of -s**3/3 + 7*s**2/2 - s - 4. What is f(d)?
5
Let v(b) = -b**3 - 5*b**2 - 107. Let d be v(-7). Let k(c) = -c**3 - 10*c**2 - 8*c + 6. Give k(d).
-3
Suppose b - 5*b = -28. Let g = b - -2. Suppose -6*v + g*v = 12. Let t(n) = n - 5. What is t(v)?
-1
Let k(y) = -2*y**2 - 10*y + 13. Let j(n) = 7*n - 30*n + 7 + 11*n - n**2 + 7*n. Let m(g) = -11*j(g) + 6*k(g). Calculate m(-7).
-13
Let x(z) = 8*z**2 - z + 1. Let i be x(1). Suppose -d - 35 = -i*d. Let o(a) = a - 1. Calculate o(d).
4
Let i(b) = b**3 + 7*b**2 - 4*b + 1. Let q(l) = 3*l**3 + 14*l**2 - 24*l - 5. Let h be q(-6). Give i(h).
71
Let m(l) = l**2 - 5*l + 10. Let d = 43 - 36. What is m(d)?
24
Let n be (96/120)/((-4)/(-30)). Let m(z) be the third derivative of 1/2*z**3 - 1/60*z**5 + 0 + 3*z**2 + 0*z + 7/24*z**4. Give m(n).
9
Let j(l) = 77*l - 75*l + 3 - 5. Let m(h) = -h**2 - 6*h + 3. Let o be m(-5). Let z(b) = -6*b + 7. Let v(u) = o*j(u) + 3*z(u). Calculate v(5).
-5
Let u be 1/10*4*25. Let q be (u/(-6))/(3/(-9)). Let t(y) = -y - 3 + 0 + q. Give t(1).
1
Let f be (1 - (0 + -2))/(2/2). Suppose f*z - 4*w + 24 = 7*z, 0 = -2*z + 4*w + 18. Let j(r) = r**2 - 9*r - 1. Determine j(z).
-15
Let n = 1 + -2. Let p(l) = -6*l + 26 - 32 - 3*l**2 + 2*l**2. Let w(u) = -2*u**2 - 13*u - 13. Let b(f) = -13*p(f) + 6*w(f). Calculate b(n).
1
Let n be 12/(-48)*2*-2. Suppose 7 - n = -2*y. Let o(v) = 3*v + 4. Calculate o(y).
-5
Suppose 0 = -6*q + 3*q + 6. Let r(g) = -g**q + 0*g - 2*g + 6*g - 8. Give r(6).
-20
Let m(d) = -d**2 + 7*d - 7. Let t = -1321 - -1326. Determine m(t).
3
Let q(g) = 2 - 52*g - 45*g + 98*g. Calculate q(12).
14
Suppose 0*d - 2*d = 3*d. Suppose -2*b - b - 5*f + 1 = 0, d = -b + f - 5. Let t(c) be the first derivative of -c**4/4 - c**3 + c**2/2 + c - 1. Calculate t(b).
-2
Let c(s) be the second derivative of s**5/20 + s**4/2 - 2*s**2 + s + 11. Determine c(-6).
-4
Let s(y) = -28*y**2 + 79*y**2 - 18*y**2 - 15*y**2 + 41 - 19*y**2. Determine s(0).
41
Let z = -73 - -75. Let c(h) = 22*h + 0 + 5*h**z - 8 - 15*h - h**3. Give c(6).
-2
Let g = 3 + -4. Let s(q) = q**3 + q**2. Let h(y) = 2*y**3 + 2*y + 3. Let w(r) = g*h(r) + s(r). Suppose 422*v + 24 = 410*v. Calculate w(v).
13
Suppose -108 = 9*y - 12*y. Let a = 32 - y. Let b(q) = q + 9. Calculate b(a).
5
Let d(u) be the third derivative of 1/12*u**4 + 16*u**2 + 1/30*u**5 + 1/6*u**3 + 0 + 0*u - 1/120*u**6. Give d(-2).
13
Let j(w) be the second derivative of -7/2*w**2 - 3/2*w**3 + 0 - 14*w + 1/20*w**5 + 5/12*w**4. What is j(-6)?
11
Let h be (-4)/(-22) + 1480/9768. Let f(r) be the first derivative of -11/4*r**4 - r + h*r**3 + 0*r**2 + 9. Calculate f(1).
-11
Let x(b) = b**3 + 8*b**2 + 5. Let k be ((-216)/(-252))/(3/(-28)). Give x(k).
5
Sup